{"id":1102,"date":"2024-08-05T11:29:34","date_gmt":"2024-08-05T11:29:34","guid":{"rendered":"https:\/\/catedravargasllosa.org\/inicio\/?page_id=1102"},"modified":"2024-08-05T11:30:49","modified_gmt":"2024-08-05T11:30:49","slug":"politica-de-cookies","status":"publish","type":"page","link":"https:\/\/catedravargasllosa.org\/inicio\/index.php\/politica-de-cookies\/","title":{"rendered":"Pol\u00edtica de Cookies"},"content":{"rendered":"\t\t<div data-elementor-type=\"wp-page\" data-elementor-id=\"1102\" class=\"elementor elementor-1102\" data-elementor-post-type=\"page\">\n\t\t\t\t<div class=\"elementor-element elementor-element-85e1c05 e-flex e-con-boxed e-con e-parent\" data-id=\"85e1c05\" data-element_type=\"container\">\n\t\t\t\t\t<div class=\"e-con-inner\">\n\t\t\t\t<div class=\"elementor-element elementor-element-fcb24ff elementor-widget elementor-widget-heading\" data-id=\"fcb24ff\" data-element_type=\"widget\" data-widget_type=\"heading.default\">\n\t\t\t\t\t<h1 class=\"elementor-heading-title elementor-size-default\">POL\u00cdTICA DE COOKIES<\/h1>\t\t\t\t<\/div>\n\t\t\t\t<div class=\"elementor-element elementor-element-528c165 elementor-widget elementor-widget-text-editor\" data-id=\"528c165\" data-element_type=\"widget\" data-widget_type=\"text-editor.default\">\n\t\t\t\t\t\t\t\t\t<p>En <strong>C\u00e1tedra Vargas Llosa<\/strong> utilizamos cookies para mejorar su experiencia en nuestro sitio web <a href=\"http:\/\/catedravargasllosa.org\" target=\"_new\" rel=\"noreferrer\">catedravargasllosa.org<\/a>. Esta pol\u00edtica de cookies explica qu\u00e9 son las cookies, c\u00f3mo las utilizamos y c\u00f3mo puede gestionarlas.<\/p><h4>\u00a0<\/h4><h4>1. \u00bfQu\u00e9 son las Cookies?<\/h4><p>Las cookies son peque\u00f1os archivos de texto que se almacenan en su dispositivo (ordenador, tableta o m\u00f3vil) cuando visita nuestro sitio web. Estos archivos permiten que el sitio web recuerde sus acciones y preferencias durante un per\u00edodo de tiempo, para que no tenga que volver a configurarlas cada vez que regrese al sitio o navegue de una p\u00e1gina a otra.<\/p><h4>\u00a0<\/h4><h4>2. Tipos de Cookies que Utilizamos<\/h4><ul><li><p><strong>Cookies Esenciales:<\/strong> Estas cookies son necesarias para el funcionamiento del sitio web y no pueden ser desactivadas en nuestros sistemas. Suelen establecerse solo en respuesta a acciones realizadas por usted que equivalen a una solicitud de servicios, como establecer sus preferencias de privacidad, iniciar sesi\u00f3n o completar formularios.<\/p><\/li><li><p><strong>Cookies de Rendimiento:<\/strong> Estas cookies nos permiten contar las visitas y fuentes de tr\u00e1fico para poder medir y mejorar el rendimiento de nuestro sitio. Nos ayudan a saber qu\u00e9 p\u00e1ginas son las m\u00e1s y las menos populares y a ver c\u00f3mo se mueven los visitantes por el sitio.<\/p><\/li><li><p><strong>Cookies Funcionales:<\/strong> Estas cookies permiten que el sitio web proporcione una funcionalidad mejorada y personalizaci\u00f3n. Pueden ser establecidas por nosotros o por terceros cuyos servicios hemos agregado a nuestras p\u00e1ginas.<\/p><\/li><li><p><strong>Cookies de Publicidad:<\/strong> Estas cookies pueden ser establecidas a trav\u00e9s de nuestro sitio por nuestros socios publicitarios. Pueden ser utilizadas por esas empresas para construir un perfil de sus intereses y mostrarle anuncios relevantes en otros sitios.<\/p><\/li><\/ul><h4>\u00a0<\/h4><h4>3. C\u00f3mo Utilizamos las Cookies<\/h4><p>Utilizamos las cookies para:<\/p><ul><li><strong>Mejorar la funcionalidad de nuestro sitio web:<\/strong> Almacenar sus preferencias y configuraciones.<\/li><li><strong>Analizar el uso del sitio web:<\/strong> Recoger datos sobre su interacci\u00f3n con el sitio para mejorar nuestros servicios y contenido.<\/li><li><strong>Mostrar publicidad relevante:<\/strong> Presentarle anuncios personalizados en funci\u00f3n de sus intereses y comportamiento en l\u00ednea.<\/li><\/ul><h4>\u00a0<\/h4><h4>4. Gesti\u00f3n de Cookies<\/h4><p>Usted tiene el control sobre las cookies y puede gestionarlas de varias formas:<\/p><ul><li><p><strong>Configuraci\u00f3n del Navegador:<\/strong> Puede configurar su navegador para rechazar todas o algunas cookies, o para alertarle cuando los sitios web configuren o accedan a cookies. Sin embargo, si desactiva o rechaza las cookies, tenga en cuenta que algunas partes de nuestro sitio web pueden volverse inaccesibles o no funcionar correctamente.<\/p><\/li><li><p><strong>Herramientas de Terceros:<\/strong> Algunos terceros ofrecen herramientas para gestionar la recopilaci\u00f3n y uso de la informaci\u00f3n a trav\u00e9s de cookies.<\/p><\/li><\/ul><h4>\u00a0<\/h4><h4>5. Cambios en la Pol\u00edtica de Cookies<\/h4><p>Nos reservamos el derecho de actualizar esta pol\u00edtica de cookies en cualquier momento. Cualquier cambio ser\u00e1 publicado en esta p\u00e1gina y, si es significativo, le notificaremos a trav\u00e9s de un correo electr\u00f3nico o un aviso en nuestro sitio web.<\/p><h4>\u00a0<\/h4><h4>6. Contacto<\/h4><p>Si tiene alguna pregunta o inquietud sobre nuestra pol\u00edtica de cookies, no dude en ponerse en contacto con nosotros a trav\u00e9s de <strong><a href=\"mailto:info@catedravargasllosa.org\" rel=\"noreferrer\">info@catedravargasllosa.org<\/a><\/strong>.<\/p><h4>\u00a0<\/h4><h4>7. Aceptaci\u00f3n de la Pol\u00edtica de Cookies<\/h4><p>Al utilizar nuestro sitio web, usted acepta el uso de cookies como se describe en esta pol\u00edtica de cookies.<\/p><p>Fecha de \u00faltima actualizaci\u00f3n: 5\/08\/2024<\/p>\t\t\t\t\t\t\t\t<\/div>\n\t\t\t\t\t<\/div>\n\t\t\t\t<\/div>\n\t\t\t\t<\/div>\n\t\t","protected":false},"excerpt":{"rendered":"<p>POL\u00cdTICA DE COOKIES En C\u00e1tedra Vargas Llosa utilizamos cookies para mejorar su experiencia en nuestro sitio web catedravargasllosa.org. Esta pol\u00edtica de cookies explica qu\u00e9 son las cookies, c\u00f3mo las utilizamos y c\u00f3mo puede gestionarlas. \u00a0 1. \u00bfQu\u00e9 son las Cookies? Las cookies son peque\u00f1os archivos de texto que se almacenan en su dispositivo (ordenador, tableta [&hellip;]<\/p>\n","protected":false},"author":1,"featured_media":0,"parent":0,"menu_order":0,"comment_status":"closed","ping_status":"closed","template":"elementor_header_footer","meta":{"_acf_changed":false,"footnotes":""},"class_list":["post-1102","page","type-page","status-publish","hentry"],"acf":[],"yoast_head":"<!-- This site is optimized with the Yoast SEO plugin v25.0 - https:\/\/yoast.com\/wordpress\/plugins\/seo\/ -->\n<title>Pol\u00edtica de Cookies - C\u00e1tedra Vargas Llosa<\/title>\n<meta name=\"robots\" content=\"index, follow, max-snippet:-1, max-image-preview:large, max-video-preview:-1\" \/>\n<link rel=\"canonical\" href=\"https:\/\/catedravargasllosa.org\/inicio\/index.php\/politica-de-cookies\/\" \/>\n<meta property=\"og:locale\" content=\"es_ES\" \/>\n<meta property=\"og:type\" content=\"article\" \/>\n<meta property=\"og:title\" content=\"Pol\u00edtica de Cookies - C\u00e1tedra Vargas Llosa\" \/>\n<meta property=\"og:description\" content=\"POL\u00cdTICA DE COOKIES En C\u00e1tedra Vargas Llosa utilizamos cookies para mejorar su experiencia en nuestro sitio web catedravargasllosa.org. Esta pol\u00edtica de cookies explica qu\u00e9 son las cookies, c\u00f3mo las utilizamos y c\u00f3mo puede gestionarlas. \u00a0 1. \u00bfQu\u00e9 son las Cookies? Las cookies son peque\u00f1os archivos de texto que se almacenan en su dispositivo (ordenador, tableta [&hellip;]\" \/>\n<meta property=\"og:url\" content=\"https:\/\/catedravargasllosa.org\/inicio\/index.php\/politica-de-cookies\/\" \/>\n<meta property=\"og:site_name\" content=\"C\u00e1tedra Vargas Llosa\" \/>\n<meta property=\"article:modified_time\" content=\"2024-08-05T11:30:49+00:00\" \/>\n<meta name=\"twitter:card\" content=\"summary_large_image\" \/>\n<meta name=\"twitter:label1\" content=\"Tiempo de lectura\" \/>\n\t<meta name=\"twitter:data1\" content=\"3 minutos\" \/>\n<script type=\"application\/ld+json\" class=\"yoast-schema-graph\">{\"@context\":\"https:\/\/schema.org\",\"@graph\":[{\"@type\":\"WebPage\",\"@id\":\"https:\/\/catedravargasllosa.org\/inicio\/index.php\/politica-de-cookies\/\",\"url\":\"https:\/\/catedravargasllosa.org\/inicio\/index.php\/politica-de-cookies\/\",\"name\":\"Pol\u00edtica de Cookies - C\u00e1tedra Vargas Llosa\",\"isPartOf\":{\"@id\":\"https:\/\/catedravargasllosa.org\/inicio\/#website\"},\"datePublished\":\"2024-08-05T11:29:34+00:00\",\"dateModified\":\"2024-08-05T11:30:49+00:00\",\"breadcrumb\":{\"@id\":\"https:\/\/catedravargasllosa.org\/inicio\/index.php\/politica-de-cookies\/#breadcrumb\"},\"inLanguage\":\"es\",\"potentialAction\":[{\"@type\":\"ReadAction\",\"target\":[\"https:\/\/catedravargasllosa.org\/inicio\/index.php\/politica-de-cookies\/\"]}]},{\"@type\":\"BreadcrumbList\",\"@id\":\"https:\/\/catedravargasllosa.org\/inicio\/index.php\/politica-de-cookies\/#breadcrumb\",\"itemListElement\":[{\"@type\":\"ListItem\",\"position\":1,\"name\":\"Portada\",\"item\":\"https:\/\/catedravargasllosa.org\/inicio\/\"},{\"@type\":\"ListItem\",\"position\":2,\"name\":\"Pol\u00edtica de Cookies\"}]},{\"@type\":\"WebSite\",\"@id\":\"https:\/\/catedravargasllosa.org\/inicio\/#website\",\"url\":\"https:\/\/catedravargasllosa.org\/inicio\/\",\"name\":\"C\u00e1tedra Vargas Llosa\",\"description\":\"Nuestro prop&oacute;sito es fomentar el estudio de la literatura contempor&aacute;nea\",\"publisher\":{\"@id\":\"https:\/\/catedravargasllosa.org\/inicio\/#organization\"},\"potentialAction\":[{\"@type\":\"SearchAction\",\"target\":{\"@type\":\"EntryPoint\",\"urlTemplate\":\"https:\/\/catedravargasllosa.org\/inicio\/?s={search_term_string}\"},\"query-input\":{\"@type\":\"PropertyValueSpecification\",\"valueRequired\":true,\"valueName\":\"search_term_string\"}}],\"inLanguage\":\"es\"},{\"@type\":\"Organization\",\"@id\":\"https:\/\/catedravargasllosa.org\/inicio\/#organization\",\"name\":\"C\u00e1tedra Vargas Llosa\",\"url\":\"https:\/\/catedravargasllosa.org\/inicio\/\",\"logo\":{\"@type\":\"ImageObject\",\"inLanguage\":\"es\",\"@id\":\"https:\/\/catedravargasllosa.org\/inicio\/#\/schema\/logo\/image\/\",\"url\":\"https:\/\/catedravargasllosa.org\/inicio\/wp-content\/uploads\/2024\/05\/cropped-logo-vargas-llosa-1.png\",\"contentUrl\":\"https:\/\/catedravargasllosa.org\/inicio\/wp-content\/uploads\/2024\/05\/cropped-logo-vargas-llosa-1.png\",\"width\":350,\"height\":100,\"caption\":\"C\u00e1tedra Vargas Llosa\"},\"image\":{\"@id\":\"https:\/\/catedravargasllosa.org\/inicio\/#\/schema\/logo\/image\/\"}}]}<\/script>\n<!-- \/ Yoast SEO plugin. -->","yoast_head_json":{"title":"Pol\u00edtica de Cookies - C\u00e1tedra Vargas Llosa","robots":{"index":"index","follow":"follow","max-snippet":"max-snippet:-1","max-image-preview":"max-image-preview:large","max-video-preview":"max-video-preview:-1"},"canonical":"https:\/\/catedravargasllosa.org\/inicio\/index.php\/politica-de-cookies\/","og_locale":"es_ES","og_type":"article","og_title":"Pol\u00edtica de Cookies - C\u00e1tedra Vargas Llosa","og_description":"POL\u00cdTICA DE COOKIES En C\u00e1tedra Vargas Llosa utilizamos cookies para mejorar su experiencia en nuestro sitio web catedravargasllosa.org. Esta pol\u00edtica de cookies explica qu\u00e9 son las cookies, c\u00f3mo las utilizamos y c\u00f3mo puede gestionarlas. \u00a0 1. \u00bfQu\u00e9 son las Cookies? Las cookies son peque\u00f1os archivos de texto que se almacenan en su dispositivo (ordenador, tableta [&hellip;]","og_url":"https:\/\/catedravargasllosa.org\/inicio\/index.php\/politica-de-cookies\/","og_site_name":"C\u00e1tedra Vargas Llosa","article_modified_time":"2024-08-05T11:30:49+00:00","twitter_card":"summary_large_image","twitter_misc":{"Tiempo de lectura":"3 minutos"},"schema":{"@context":"https:\/\/schema.org","@graph":[{"@type":"WebPage","@id":"https:\/\/catedravargasllosa.org\/inicio\/index.php\/politica-de-cookies\/","url":"https:\/\/catedravargasllosa.org\/inicio\/index.php\/politica-de-cookies\/","name":"Pol\u00edtica de Cookies - C\u00e1tedra Vargas Llosa","isPartOf":{"@id":"https:\/\/catedravargasllosa.org\/inicio\/#website"},"datePublished":"2024-08-05T11:29:34+00:00","dateModified":"2024-08-05T11:30:49+00:00","breadcrumb":{"@id":"https:\/\/catedravargasllosa.org\/inicio\/index.php\/politica-de-cookies\/#breadcrumb"},"inLanguage":"es","potentialAction":[{"@type":"ReadAction","target":["https:\/\/catedravargasllosa.org\/inicio\/index.php\/politica-de-cookies\/"]}]},{"@type":"BreadcrumbList","@id":"https:\/\/catedravargasllosa.org\/inicio\/index.php\/politica-de-cookies\/#breadcrumb","itemListElement":[{"@type":"ListItem","position":1,"name":"Portada","item":"https:\/\/catedravargasllosa.org\/inicio\/"},{"@type":"ListItem","position":2,"name":"Pol\u00edtica de Cookies"}]},{"@type":"WebSite","@id":"https:\/\/catedravargasllosa.org\/inicio\/#website","url":"https:\/\/catedravargasllosa.org\/inicio\/","name":"C\u00e1tedra Vargas Llosa","description":"Nuestro prop&oacute;sito es fomentar el estudio de la literatura contempor&aacute;nea","publisher":{"@id":"https:\/\/catedravargasllosa.org\/inicio\/#organization"},"potentialAction":[{"@type":"SearchAction","target":{"@type":"EntryPoint","urlTemplate":"https:\/\/catedravargasllosa.org\/inicio\/?s={search_term_string}"},"query-input":{"@type":"PropertyValueSpecification","valueRequired":true,"valueName":"search_term_string"}}],"inLanguage":"es"},{"@type":"Organization","@id":"https:\/\/catedravargasllosa.org\/inicio\/#organization","name":"C\u00e1tedra Vargas Llosa","url":"https:\/\/catedravargasllosa.org\/inicio\/","logo":{"@type":"ImageObject","inLanguage":"es","@id":"https:\/\/catedravargasllosa.org\/inicio\/#\/schema\/logo\/image\/","url":"https:\/\/catedravargasllosa.org\/inicio\/wp-content\/uploads\/2024\/05\/cropped-logo-vargas-llosa-1.png","contentUrl":"https:\/\/catedravargasllosa.org\/inicio\/wp-content\/uploads\/2024\/05\/cropped-logo-vargas-llosa-1.png","width":350,"height":100,"caption":"C\u00e1tedra Vargas Llosa"},"image":{"@id":"https:\/\/catedravargasllosa.org\/inicio\/#\/schema\/logo\/image\/"}}]}},"_links":{"self":[{"href":"https:\/\/catedravargasllosa.org\/inicio\/index.php\/wp-json\/wp\/v2\/pages\/1102","targetHints":{"allow":["GET"]}}],"collection":[{"href":"https:\/\/catedravargasllosa.org\/inicio\/index.php\/wp-json\/wp\/v2\/pages"}],"about":[{"href":"https:\/\/catedravargasllosa.org\/inicio\/index.php\/wp-json\/wp\/v2\/types\/page"}],"author":[{"embeddable":true,"href":"https:\/\/catedravargasllosa.org\/inicio\/index.php\/wp-json\/wp\/v2\/users\/1"}],"replies":[{"embeddable":true,"href":"https:\/\/catedravargasllosa.org\/inicio\/index.php\/wp-json\/wp\/v2\/comments?post=1102"}],"version-history":[{"count":4,"href":"https:\/\/catedravargasllosa.org\/inicio\/index.php\/wp-json\/wp\/v2\/pages\/1102\/revisions"}],"predecessor-version":[{"id":1106,"href":"https:\/\/catedravargasllosa.org\/inicio\/index.php\/wp-json\/wp\/v2\/pages\/1102\/revisions\/1106"}],"wp:attachment":[{"href":"https:\/\/catedravargasllosa.org\/inicio\/index.php\/wp-json\/wp\/v2\/media?parent=1102"}],"curies":[{"name":"wp","href":"https:\/\/api.w.org\/{rel}","templated":true}]}}